{"id":331,"date":"2019-01-26T23:26:17","date_gmt":"2019-01-26T20:26:17","guid":{"rendered":"http:\/\/demirbasosgb.com\/?page_id=331"},"modified":"2019-01-26T23:56:32","modified_gmt":"2019-01-26T20:56:32","slug":"acildurum-2","status":"publish","type":"page","link":"http:\/\/demirbasosgb.com\/?page_id=331","title":{"rendered":"Acil Durum Plan\u0131 Hizmeti"},"content":{"rendered":"<p>[vc_row][vc_column width=&#8221;1\/6&#8243;][\/vc_column][vc_column width=&#8221;2\/3&#8243;][vc_empty_space height=&#8221;20&#8243;][vc_single_image image=&#8221;169&#8243; img_size=&#8221;350&#215;200&#8243; alignment=&#8221;center&#8221; style=&#8221;vc_box_outline&#8221; border_color=&#8221;turquoise&#8221; title=&#8221;Acil Durum Plan\u0131 Hizmeti&#8221;][vc_column_text]Acil Durum Plan\u0131 Hizmeti<\/p>\n<p>\u0130\u015fyerindeki \u00e7al\u0131\u015fma ortam\u0131, kullan\u0131lan maddeler, i\u015f ekipman\u0131 ve \u00e7evre \u015fartlar\u0131n\u0131 dikkate al\u0131p;<\/p>\n<p>\u2022\u00a0\u00a0\u00a0 Olmas\u0131 muhtemel acil durumlar\u0131 de\u011ferlendirerek,<\/p>\n<p>\u2022\u00a0\u00a0\u00a0 \u00c7al\u0131\u015fanlar\u0131 ve \u00e7al\u0131\u015fma \u00e7evresini etkileyebilecek t\u00fcm olas\u0131 acil durumlar\u0131 belirleyerek,<\/p>\n<p>\u2022\u00a0\u00a0\u00a0 Meydana gelebilecek acil durumlar\u0131n etkilerini \u00f6nleyici ve s\u0131n\u0131rlay\u0131c\u0131 tedbirler alarak,<\/p>\n<p>\u2022\u00a0\u00a0\u00a0 Acil durumlar\u0131n olumsuz etkilerinden korunmak i\u00e7in gerekli \u00f6l\u00e7\u00fcmleri ve de\u011ferlendirmeleri yaparak,<\/p>\n<p>\u2022\u00a0\u00a0\u00a0 Koruma, kurtarma, S\u00f6nd\u00fcrme ve ilkyard\u0131m konular\u0131nda i\u015fyerinin durumuna g\u00f6re, \u00e7al\u0131\u015fanlara e\u011fitim verilerek,<\/p>\n<p>\u2022\u00a0\u00a0\u00a0 Acil durumlara haz\u0131rlanmak maksad\u0131yla tatbikatlar yaparak,\u00f6ncelikle \u00e7al\u0131\u015fan\u0131n sa\u011fl\u0131\u011f\u0131n\u0131 ve g\u00fcvenli\u011fini daha sonra \u00e7evreyi koruyan Acil Durum Plan\u0131 haz\u0131rlan\u0131r.[\/vc_column_text][\/vc_column][vc_column width=&#8221;1\/6&#8243;][\/vc_column][\/vc_row][vc_row][vc_column][\/vc_column][\/vc_row]<\/p>\n","protected":false},"excerpt":{"rendered":"<p>[vc_row][vc_column width=&#8221;1\/6&#8243;][\/vc_column][vc_column width=&#8221;2\/3&#8243;][vc_empty_space height=&#8221;20&#8243;][vc_single_image image=&#8221;169&#8243; img_size=&#8221;350&#215;200&#8243; alignment=&#8221;center&#8221; style=&#8221;vc_box_outline&#8221; border_color=&#8221;turquoise&#8221; title=&#8221;Acil Durum Plan\u0131 Hizmeti&#8221;][vc_column_text]Acil Durum Plan\u0131 Hizmeti \u0130\u015fyerindeki \u00e7al\u0131\u015fma ortam\u0131, kullan\u0131lan maddeler, i\u015f ekipman\u0131 ve \u00e7evre \u015fartlar\u0131n\u0131<span class=\"excerpt-hellip\"> [\u2026]<\/span><\/p>\n","protected":false},"author":1,"featured_media":0,"parent":0,"menu_order":0,"comment_status":"closed","ping_status":"closed","template":"","meta":[],"_links":{"self":[{"href":"http:\/\/demirbasosgb.com\/index.php?rest_route=\/wp\/v2\/pages\/331"}],"collection":[{"href":"http:\/\/demirbasosgb.com\/index.php?rest_route=\/wp\/v2\/pages"}],"about":[{"href":"http:\/\/demirbasosgb.com\/index.php?rest_route=\/wp\/v2\/types\/page"}],"author":[{"embeddable":true,"href":"http:\/\/demirbasosgb.com\/index.php?rest_route=\/wp\/v2\/users\/1"}],"replies":[{"embeddable":true,"href":"http:\/\/demirbasosgb.com\/index.php?rest_route=%2Fwp%2Fv2%2Fcomments&post=331"}],"version-history":[{"count":3,"href":"http:\/\/demirbasosgb.com\/index.php?rest_route=\/wp\/v2\/pages\/331\/revisions"}],"predecessor-version":[{"id":355,"href":"http:\/\/demirbasosgb.com\/index.php?rest_route=\/wp\/v2\/pages\/331\/revisions\/355"}],"wp:attachment":[{"href":"http:\/\/demirbasosgb.com\/index.php?rest_route=%2Fwp%2Fv2%2Fmedia&parent=331"}],"curies":[{"name":"wp","href":"https:\/\/api.w.org\/{rel}","templated":true}]}}